= -2*l. Let q be l/((-10)/(-8)) - (-6)/1. Let g be (57/12 - 0)*8/q. Calculate the highest common factor of g and 1.
1
Suppose 897*z - 194*z = 15041 + 29951. Suppose -3*w - 4*x + 128 = 0, -4*w - 97 = x - 259. Calculate the highest common factor of z and w.
8
Let r = -302 - -317. What is the highest common divisor of 395 and r?
5
Let b = 553 - 553. Suppose b = -2*d - 10*d + 4092. Calculate the highest common factor of d and 22.
11
Suppose -2*h + 3438 = -4*m - 634, -2*m = 5*h - 10192. What is the greatest common factor of h and 2?
2
Suppose j + 5*w = 7, -w - 2*w - 6 = 4*j. Let m = 10 - j. Let d be (-1296)/(-20) - ((-18)/(-10) - 2). Calculate the highest common divisor of d and m.
13
Let u be (-627)/(-4)*(152/6 + -24). What is the greatest common factor of 121 and u?
11
Let x be 30/((-9 + 20)/77). What is the highest common divisor of 810 and x?
30
Suppose -3*u + 30 = 6. Suppose -u*s - 2*o = -10*s + 546, 537 = 2*s + o. What is the highest common divisor of s and 27?
27
Suppose w + 320 = -3*w. Let p be w/(-15) - 2/6. Suppose -p*g = -11*g + 204. Calculate the highest common factor of g and 272.
34
Suppose 0 = 4*s + 2*q - 240, 0 = s + q - 6*q - 49. Let g(j) = -j**2 + 29*j + 38. Let x be g(18). What is the greatest common factor of s and x?
59
Suppose -2*p + 2286 = -5*z, p - 1104 = 15*z - 19*z. What is the highest common factor of p and 24?
24
Suppose 0 = -3*w - 1 + 10. Suppose 4*a = -w*b - 60, 2*b + 99 = -2*b + a. Let t be (-6)/b - (-142)/8. Calculate the highest common divisor of 6 and t.
6
Let k = 8323 + -8106. Calculate the highest common factor of k and 17577.
217
Let m(x) = x**2 + 74*x + 1435. Let z be m(-46). What is the highest common factor of 399 and z?
21
Let o(m) = -m**3 + 9*m**2 - 7*m + 3. Let i be o(6). Suppose -i - 3 = 3*t. Let v = t - -55. What is the highest common divisor of v and 31?
31
Suppose -3*s + 4*s - 2 = 0. Let j be (s*(-6)/8)/((-5)/10). Suppose -j*t - 3 = -2*d + 5, 0 = -t - 2. What is the highest common divisor of d and 1?
1
Let a be (9/(-3) - 0)*((-425)/(-170) - (-295)/(-30)). Let y be ((-2)/(-6) + -1)*-363. Calculate the greatest common factor of a and y.
22
Let f be (-6 - (-196)/21)*66. What is the greatest common divisor of 1210 and f?
110
Let h be 0 - (-7)/(14/(-16)). Let m be 43/((-2)/(5/((-20)/h))). Let y = -25 - m. What is the greatest common divisor of y and 2?
2
Let y = 10391 - 10371. Calculate the greatest common factor of 3940 and y.
20
Let r be 3 - (-461*100/10 + 7). What is the greatest common divisor of 490 and r?
98
Suppose -32*i + 2192 = -201424. Calculate the highest common divisor of i and 63.
63
Let i be (4/(-6))/((-1)/216). Let a = i - 0. Suppose -534*j + 8074 + 1640 = 102. What is the greatest common divisor of j and a?
18
Let t = -9436 - -9451. What is the greatest common factor of 216 and t?
3
Suppose 0 = 5*g + 2*q - 186, -4*q = -5*g + 91 + 77. Let r be (30 - 3)*(0 - 1). Let w = r + 31. Calculate the highest common factor of g and w.
4
Suppose 0 = 5*y + 5*z + 935, y = -z - 2*z - 195. Let w be 36/(y/(-30) + -6). Calculate the highest common divisor of w and 40.
40
Let c be 1287/(-45) - 2/5. Let u = -6 + 43. Let n = c + u. What is the greatest common divisor of 24 and n?
8
Let y = -3415 + 3632. Calculate the highest common divisor of 91 and y.
7
Let c be (1/4)/(40/250048) - (-352)/(-440). Calculate the greatest common divisor of 44 and c.
22
Suppose 84*c = 2113 - 769. What is the greatest common factor of 304 and c?
16
Let j be (94 - 85)/(10/4 + -1). Let l be j/(-10) + 273/105. Let s = -72 + 118. Calculate the highest common divisor of s and l.
2
Let w(g) = -37*g - 837. Let r be w(-31). Calculate the highest common factor of 100 and r.
10
Let p(m) = 4*m**3 - 32*m**2 - 10*m + 18. Let g be p(9). Suppose 0*b + 12*b = g. What is the highest common divisor of 252 and b?
21
Let s = -11139 - -11691. Calculate the greatest common factor of s and 3450.
138
Suppose 742 = 2*y - 5*x, 3*y + 197*x - 192*x = 1063. Let k(s) = 2*s**2 + 3*s - 1. Let v be k(-4). Calculate the highest common factor of y and v.
19
Suppose 5*v = -b - 0*v - 362, -2*b - 4*v = 694. Let p = -137 - b. Suppose 6*o - 122 = -2. Calculate the greatest common divisor of p and o.
20
Suppose 0*t - 72 = -2*t. Suppose 19*u + t = 21*u. Calculate the highest common factor of u and 153.
9
Let o be (8 - (-156)/(-20)) + 26/(-5). Let n be 10/(o*6/(-60)). What is the greatest common divisor of 10 and n?
10
Suppose -38*h + 3740 = 47*h. Calculate the highest common divisor of h and 880.
44
Let s be -1*117/(6/(-2)). Let r = 343 - 330. Calculate the highest common divisor of r and s.
13
Let y = 292 - 309. Suppose -p - 6 = -3*i, 4*p - 2*i = i - 60. Let c = y - p. What is the greatest common factor of 1 and c?
1
Let c(n) = -3*n**2 + 51*n - 172. Let i be c(5). Calculate the greatest common divisor of 604 and i.
4
Let g = 914 - 718. What is the greatest common factor of 112 and g?
28
Let q = 29556 + -29527. Calculate the highest common divisor of 8381 and q.
29
Let j = -36 + 56. Let u = -19008 - -19548. Calculate the greatest common divisor of j and u.
20
Let r = 1476 - 1470. Suppose -4*w = -5*b + 52 - 433, -4*w = 5*b - 411. Suppose w = r*i + 3. Calculate the greatest common divisor of i and 16.
16
Let x(n) = -74*n - 64. Let s be x(-2). Let b = -2 + 16. What is the highest common divisor of s and b?
14
Let w be 192/(-5) + (-12)/(-30). Let h be 4/w + (-2571)/(-57). Let d = h + -15. Calculate the highest common divisor of 12 and d.
6
Suppose 2*m - 3*m = -5*c - 95, -m + 93 = -4*c. Suppose 34*v - 17*v = m. Calculate the highest common factor of v and 45.
5
Suppose 0 = -3*y + 2*g + 9, y = -0*y - 4*g + 17. Let a(b) = 3*b - 9. Let s be a(y). Let n = -42 + 78. What is the greatest common factor of n and s?
6
Suppose -669*k - 336 = -673*k. Suppose 0 = -2*o + y + 19, -4*o - 58 = -8*o - 2*y. Calculate the greatest common factor of o and k.
12
Let y(t) = -t**3 - 23*t**2 - 23*t + 14. Suppose 4*v + 83 = 7. Let d = -3 + v. Let j be y(d). What is the greatest common factor of 90 and j?
18
Let k be (162/(-15))/9*20/(-3). Let c = -242 + 370. What is the highest common divisor of k and c?
8
Let k = -609 - -841. Let f = k + -177. What is the highest common divisor of 154 and f?
11
Let o = -11193 + 13002. Calculate the greatest common factor of 108 and o.
27
Let x = -170 - -27. Let b = x + 23. Let h be ((-1)/1)/(0 - (-5)/b). Calculate the highest common factor of 6 and h.
6
Let u be (-10)/(-85) + 1824/102 - (8 + -2). What is the highest common divisor of u and 2048?
4
Suppose 2*o + 5*s - 87 = 0, 4*o - 2*s - 336 = -102. Let r be (1 + -2 + 0)/(3/(-21)). What is the greatest common divisor of o and r?
7
Let a(q) = 2*q - 449 + q - 5*q + 448 + 2*q**2. Let t be a(3). What is the highest common factor of 5 and t?
1
Suppose 0 = 10*w - 8*w + d - 8, w - 3*d - 11 = 0. Suppose -w*c - 4*h = -1454, 3*c - 2*h = 315 + 553. Calculate the greatest common factor of c and 58.
58
Let r = 485 - 230. Let c = r + -247. Calculate the highest common factor of 6 and c.
2
Let j(x) be the first derivative of -15*x - 3/2*x**2 - 19 + 4/3*x**3. Let m be j(7). Calculate the highest common factor of m and 32.
32
Let a be ((-80)/(-35))/8 - 2166/(-14). Let y = 13 - -111. Suppose 2*n = -0*n + y. Calculate the highest common divisor of n and a.
31
Suppose -42*u + 35*u = -168. Let m be ((-39)/(-26))/(6/640). What is the greatest common divisor of u and m?
8
Let d(v) = 122 + 220*v - 433*v + 214*v. Let p be d(34). What is the highest common divisor of 39 and p?
39
Suppose 2*p - 12 = 0, 0 = -y + 46*p - 47*p + 8580. What is the highest common divisor of 6 and y?
6
Let k = -9 - 225. Let i = 575 + k. What is the greatest common divisor of i and 44?
11
Suppose -5*l + 5684 = -l. Suppose h = 5*k - l, -3*k - 5*h + 1445 = 2*k. Suppose 0 = -7*p - 8*p + k. What is the greatest common divisor of p and 57?
19
Let l be (-378)/(-324) + 250/12. What is the highest common divisor of l and 98?
2
Let v = 483 - 355. Suppose -37*p + 29*p + v = 0. Calculate the highest common divisor of p and 176.
16
Let b = -794 - -1137. Let m(r) = -r**2 + 3*r + 3. Let g be m(4). Let k(c) = -49*c. Let q be k(g). What is the highest common factor of b and q?
49
Suppose 4*d - 10 = -6. Let i be (-2)/(-5)*-10 + (59 - d). Calculate the greatest common factor of i and 